se 0 = -18*t + h*t - 1728. Calculate the highest common divisor of 45 and t.
9
Suppose 3*u - 8 = 7. Suppose -3*c + n + 4 = -2*c, -4 = 3*c + u*n. Let w be (-72)/3*(-1)/c. What is the highest common divisor of w and 96?
12
Let v be 712/5 + 6 + 135/(-25). Let l = -87 + v. Let k(m) = 3*m - 2. Let h be k(3). What is the greatest common divisor of h and l?
7
Suppose -3*q = -4*m - 14 - 0, -4*q + 12 = -2*m. Suppose 5*z = -n + 85, -2*n + 5*n = -q*z + 21. Calculate the greatest common divisor of 6 and z.
6
Suppose -18*v - 140 = -716. Let y(w) = -3*w - 1. Let x be y(-1). Suppose -17 - 5 = -3*c + x*i, 4*c = -i + 33. What is the greatest common factor of v and c?
8
Suppose -2*h + 6*n - n = -1168, 0 = 5*n. Let m = -188 + h. Let p be m/14 - 18/63. What is the highest common divisor of 8 and p?
4
Let o = -382 - -385. Suppose 58 = o*a - 5*y, 5*a - 5*y - 69 = a. Suppose -94 = -4*w - 6. What is the highest common divisor of w and a?
11
Let s be ((-8)/(-28))/((-2)/14). Let k = -1 - s. Let i be ((-16)/(-40))/(0 + k/30). Calculate the greatest common divisor of 30 and i.
6
Suppose -3*j - 5*y = -5041, -4*j + y + 3186 = -3589. Calculate the greatest common divisor of j and 12.
12
Let c(y) = 3 + 2*y + 12 - 4*y. Let h be c(-3). Let k = 31 - h. Calculate the greatest common factor of 30 and k.
10
Suppose 3*c - 22 = 2. Suppose 6 = c*w - 10*w. Let i be 2 + w - (-6 - 7). What is the highest common divisor of i and 132?
12
Let x(h) = 3*h**2 - 8*h + 22. Let r be x(9). Let q = r + -183. Suppose 0 = j + 1 - 5. Calculate the highest common factor of q and j.
2
Suppose -5*s + 194 + 76 = 0. Let w be 1 + s + (6 - (-3 + 4)). Calculate the highest common divisor of w and 100.
20
Let f = -310 - -85. Let i be (f/6)/((-36)/192). Calculate the greatest common factor of i and 160.
40
Let n(t) = -200*t**2 + 20*t - 38. Let v be n(2). Let k be ((-10)/(-6))/((-7)/v). Let w = 53 + -15. What is the highest common divisor of w and k?
38
Suppose 26*p - 7691 = 1799. Calculate the highest common divisor of p and 65.
5
Suppose 57 = 2*o - 5*s, 0 = 3*o - 2*s - s - 99. Suppose 4 = 4*k - o. Suppose k = w - 0*w. What is the highest common divisor of w and 2?
2
Suppose 15*g = 331 + 5659 - 515. What is the highest common factor of g and 1?
1
Suppose q + 3*q = -56. Let w = q - -22. What is the greatest common divisor of w and 18?
2
Suppose -w - 4*d - 2 = 0, -63 = -5*w + 4*d + 23. Let k = -80 - -81. Let h = k - -6. Calculate the highest common divisor of w and h.
7
Let q be ((-39)/78)/(1/(-5428)*2). Calculate the greatest common divisor of q and 1475.
59
Suppose 5665 = 310*p - 305*p. What is the highest common divisor of p and 11?
11
Let k(y) = 6*y + 32. Let d be k(-28). Let f be d/170 + 74/5 + 0. Calculate the highest common divisor of 21 and f.
7
Let u = -623 - -348. Let n = -35 - u. Let z be (1/(1/30))/1. What is the greatest common divisor of z and n?
30
Let d(f) = 3*f**2 - 11*f - 120. Let t be ((-17)/(-6) + -3)*-2*-33. Let n be d(t). Calculate the highest common factor of 52 and n.
52
Let g be (-590)/(-1475) - (-1923)/5. What is the highest common factor of 7755 and g?
55
Let g(b) = -b**3 + 11*b**2 + 2*b - 10. Suppose -5*u = -u - 28. Suppose -u*y = -5*y - 20. Let i be g(y). What is the highest common factor of 44 and i?
22
Let j = 302 - 77. Let x = j - 209. What is the greatest common factor of 304 and x?
16
Suppose 274*p = 7*p - 177*p + 1776. Calculate the highest common factor of 157 and p.
1
Let n(a) = -3*a**2 - 21*a - 15. Let o be n(-5). Let b be (-6*6/54)/((-1)/o). What is the greatest common factor of 30 and b?
10
Let r(b) = -b**2 + 3 + 15 + b - 3*b. Let i(f) = f**3 + 3*f**2 + f - 1. Let v be i(-1). Let y be r(v). What is the highest common divisor of 54 and y?
18
Let c(u) = -9*u + 81. Let v be c(7). Let r be (v/10)/3 - 10960/(-400). What is the greatest common factor of 98 and r?
14
Let q(m) = 28*m - 368. Let k be q(15). Let z be 1 + 1 + (12 - 1). What is the highest common factor of k and z?
13
Let c(m) = 12*m**2 - 31*m + 2. Let r be 3 + (4/(-6))/(7/(-21)). Let s be c(r). Calculate the greatest common divisor of s and 84.
21
Let b(d) = -d**3 - 100*d**2 - 13*d - 196. Let k be b(-100). Calculate the greatest common factor of 483 and k.
69
Let a(d) = -d**3 + 12*d**2 - d + 353. Let p be a(12). Calculate the greatest common factor of 286 and p.
11
Suppose -46*m - 432085 = 56*m - 1455451. What is the highest common factor of 79 and m?
79
Suppose -2*f - 6*t = -8300, 0 = 19*f - 20*f - 2*t + 4149. Calculate the highest common divisor of f and 286.
143
Let k = -4017 + 7766. What is the highest common factor of k and 69?
23
Suppose -6*b - p - 1040 = -11*b, -5*p = 0. Let c = 23 - 10. Calculate the highest common factor of b and c.
13
Suppose -44310*j + 44320*j - 1400 = 0. Let l(b) = b**2 - 2*b - 1. Let d be l(11). Calculate the highest common factor of j and d.
14
Let p be ((-15631)/14)/((-3)/12). Calculate the greatest common factor of 56 and p.
14
Let p(h) = 6*h**2 - 7*h - 8. Let k be p(-1). Let v(j) = 6*j**2 - 9*j - 14. Let o be v(k). Let b = o - 6. Calculate the greatest common factor of 34 and b.
17
Suppose 22*x - 21*x = -174. Let b = -162 - x. What is the greatest common factor of 3 and b?
3
Suppose -5*h - 4*k - 5 = 0, -2*k - 19 = -2*h - h. Suppose 9*a - 312 = -h*a. Suppose 23*n + 36 = a*n. Calculate the highest common divisor of n and 54.
6
Suppose 68414 + 35042 = 240*o - 63104. What is the highest common factor of 8 and o?
2
Suppose v + p - 28274 = -15*v, 3*v - 4*p - 5293 = 0. Calculate the highest common factor of v and 399.
57
Let z be 3804*(-4)/(32/(-60)). Suppose -17*g + z = -20*g. Let n be -1*(-3)/(-12) - g/24. What is the highest common divisor of 36 and n?
36
Suppose -5*n + 64 = -496. Let f = 366588 - 366581. What is the highest common factor of n and f?
7
Let c(n) = -n**3 + 21*n**2 + 20*n + 46. Let j be c(22). Let l(a) = 18*a - 24. Let v be l(j). What is the highest common divisor of 276 and v?
12
Suppose -4*o = -4*d + 2860, 5*d + 3575 = 10*d + 3*o. Calculate the greatest common factor of 275 and d.
55
Suppose -28*u + 36*u + 16 = 0. Let h be u + -6 + 8 + 4. Calculate the greatest common divisor of h and 22.
2
Let f(x) = -413*x**3 + x**2 + 17*x + 30. Let b be f(-2). Calculate the greatest common factor of 56 and b.
56
Suppose -3*i + i = 738. Let y be 2 + (5 - i) + 0. Let q = -121 + y. Calculate the highest common divisor of q and 102.
51
Let v be 39/65 - 8928/(-20). Suppose 5*b + 4*f - 745 = 8*f, 0 = 3*b - 2*f - v. What is the highest common factor of 1 and b?
1
Let l be 5/(-10)*146*(0 + -1). Suppose 77 = 6*h - l. Calculate the greatest common factor of 5 and h.
5
Let v(j) = -j**3 - 7*j**2 - 3*j - 3. Let u be v(-9). Let n(g) = 2*g**3 - 51*g**2 - 409*g - 100. Let p be n(32). What is the greatest common divisor of u and p?
62
Suppose -5*j - 3*b = -b - 17, -5*b - 15 = j. Suppose -374 = -240*v + 53*v. Calculate the greatest common divisor of j and v.
1
Let z = -11888 - -13505. Calculate the highest common factor of z and 693.
231
Suppose 3562 = 23*t - 7363. Let j be 22 + -1 + -1 + -1. What is the greatest common factor of j and t?
19
Let h(d) = -49*d - 28. Let y = 22 - 20. Let b be (-2)/(3/y*(-4)/(-12)). Let t be h(b). What is the greatest common divisor of t and 24?
24
Let r be ((-6)/5)/(4/(-60)). Let l be -5 + 0 - (-12)/r*3. Let n = l + 53. Calculate the greatest common factor of 20 and n.
10
Suppose 317 + 5 = 7*v. Suppose -23*q - 3059 = -v*q. Calculate the greatest common factor of q and 19.
19
Let d(r) = 1358*r**3 - 2*r**2 + 54*r - 53. Let v be d(1). Calculate the highest common factor of 92 and v.
23
Suppose -u = -6 + 2. Let h be 198/55*(-255)/(-34). Suppose -3*k = k - 4, -q + h = -u*k. What is the greatest common divisor of q and 31?
31
Suppose -5*w + 3778 = 5*m - 5397, -4*w - 5*m = -7338. Calculate the highest common divisor of 99 and w.
11
Suppose -3*q - 293 = 244. Let s = q + 204. What is the highest common factor of 55 and s?
5
Let t = 124 - 93. Let z = t - 31. Let v(s) = -s**3 - s**2 + 20. Let r be v(z). What is the highest common divisor of 200 and r?
20
Suppose -214*c - 1565 = -6273. What is the greatest common factor of c and 583?
11
Let o(w) = -1589*w + 7948. Let y be o(-9). Calculate the greatest common divisor of y and 19.
19
Suppose 5*j + 830 = 4*a, 5*j - 131 = -2*a - 991.